6?
5
Suppose y + 3*y = -60. Let k be -2 - (-3)/((-9)/y). Suppose -4*o = -5*a + 75, a + k*o - 29 = -3*a. Calculate the remainder when 31 is divided by a.
9
Let v(s) = 3*s + 18. Let a be v(-7). Let p be a*(1 + -3)*1. Suppose -n + p*n = 145. What is the remainder when 55 is divided by n?
26
Suppose 3*z - l + 0*l + 3 = 0, -4*l = -12. Suppose -5*n + 10*n - 105 = z. What is the remainder when 58 is divided by n?
16
Suppose -4 = d - 10. Let k(u) = -21 + 6*u + 7 - u**2 - 15*u + 2*u**2. Calculate the remainder when k(12) is divided by d.
4
Let i(j) = -j + 19*j**3 - 5*j**3 + 1 - j. Let s(h) = 2*h**3 - 3*h**2 + 3*h - 2. Calculate the remainder when i(1) is divided by s(2).
5
Suppose 0 = 5*k + g - 1045, -998 = -4*k + 3*g - 181. Suppose -133 - k = -11*j. What is the remainder when j is divided by 60/9*6/5?
7
What is the remainder when (-3114)/(-10) + (-42)/105 is divided by 15?
11
Let k = 50 + 3. Suppose -3*o + 2*s - 142 = -0*o, 0 = 5*o + 4*s + 266. Let q = -36 - o. What is the remainder when k is divided by q?
11
Let q(g) = -2*g - 22. What is the remainder when 20 is divided by q(-18)?
6
Let b(v) = 3*v**3 + 4*v**2 - 3*v + 1. What is the remainder when 278 is divided by b(2)?
33
Let w(u) = u**3 + 5*u**2 - 39*u - 7. What is the remainder when 99 is divided by w(-9)?
19
Let m(y) = y**3 + 13*y**2 + y - 114. Calculate the remainder when 69 is divided by m(-12).
15
Suppose 10*n + 4886 = 24*n. Calculate the remainder when n is divided by 70.
69
Suppose 2*u + k - 12 = -28, u + 4*k = -22. Calculate the remainder when 48 is divided by (-35 - -1)/(u - -4).
14
Suppose 16 = 2*v + 14. Suppose v - 18 = -m. What is the remainder when 50 is divided by m?
16
Let i = -5 + 8. Let a = -375 - -397. Suppose i*b - a = 14. Calculate the remainder when 46 is divided by b.
10
Suppose f - 3*c - 2*c = 29, 5*c = -4*f + 41. Suppose -j = -6*j + 5, -h = 4*j - 14. What is the remainder when f - -3*3/9 is divided by h?
5
Let f = 195 + -92. What is the remainder when f is divided by 47?
9
Let m(k) = -k**2 + 24*k + 22. Calculate the remainder when m(17) is divided by 24.
21
Let c(l) = 2*l + 4. Let p be c(-2). Let d = 6 - p. Calculate the remainder when 6 is divided by d.
0
Let c = -178 - -207. Calculate the remainder when 54 is divided by c.
25
Let t be 50/6*(-216)/(-6). Suppose -4*g = -5*b - 5*g + 372, 4*b = -2*g + t. Let l = b - 35. Calculate the remainder when l is divided by 14.
11
Suppose 14*j - 80 = 4*j. What is the remainder when 375 is divided by j?
7
Let r(h) = 515 - 515 - 3*h**2 - h**3 - h. Calculate the remainder when 5 is divided by r(-3).
2
What is the remainder when 1777 is divided by (-4*(-2)/8)/((-24)/(-3048))?
126
Let o(u) = 8*u + 2*u**2 + 0*u**2 + 0*u**2 - 3*u**2 - 1. Let f be o(6). Let j = -3 + f. Calculate the remainder when 22 is divided by j.
6
Suppose -5*q = -2*f - 2392, 2*q = -5*f + 416 + 564. What is the remainder when q is divided by 23?
20
Suppose -3*g = -217 + 565. Let b = -64 - g. What is the remainder when b is divided by 9?
7
Let w = -1504 + 2069. Calculate the remainder when w is divided by 142.
139
Let r(h) be the first derivative of h**3/3 + h**2/2 - 3*h - 6. Let c(a) = -a**3 + 5*a**2 + 6*a - 4. What is the remainder when c(5) is divided by r(-4)?
8
Let r = 76 - 73. Suppose l + 5*o = 6*l - 25, r*o = -3*l + 45. Calculate the remainder when 19 is divided by l.
9
Let h be 3 + (0 - -1)*-1. Suppose -v - x + 11 = 0, 2*v - 3*x + 11 - 48 = 0. Calculate the remainder when (h + -31)*-1 - 3 is divided by v.
12
Let w = 99 - 64. Calculate the remainder when w is divided by 9 + 1 + 5 - 6.
8
Let k(m) = -2*m - 7. Calculate the remainder when 44 is divided by k(-10).
5
Let h(g) = g**2 - 17*g + 2. Let q be h(17). What is the remainder when 58 is divided by (-1 - q - 3)*-2?
10
Let c(w) = 5*w**2 - 3*w. Let b be c(2). Let i = 74 + b. Suppose 2*d - 52 = -3*p + 30, -5*d - 20 = 0. Calculate the remainder when i is divided by p.
28
Suppose 4*l = 8*l - 3*t - 83, -3*l + 7*t = -67. What is the remainder when 508 is divided by l?
8
Let x(u) = u**3 + 19*u**2 + 38*u + 3. Let n(z) = -z**2 - 5*z + 2. What is the remainder when x(-3) is divided by n(-4)?
3
Suppose 81 = 5*o - 2*o. Calculate the remainder when o is divided by 5/(2/2) - (-119 - -117).
6
Suppose -405 = -48*o + 21*o. What is the remainder when 173 is divided by o?
8
Let q = 371 - 343. What is the remainder when 130 is divided by q?
18
Let u = -22 + 32. Suppose -v - 6 = -5*z - 18, 0 = 5*v + 2*z - 195. Calculate the remainder when v is divided by u.
7
Let q(b) = b**2 - b. Let f(n) = -5*n**2 + 2*n - 5. Let y(t) = 2*f(t) + 6*q(t). Let z be y(7). What is the remainder when 37 is divided by (-4)/(-6) + z/(-12)?
18
Let q(b) = -b**2 - 6*b + 3. Suppose 0 = 7*x - 66 - 74. What is the remainder when x is divided by q(-4)?
9
Calculate the remainder when (-9446)/(-18) - (-10)/45 is divided by 31.
29
Suppose 14*y - 1889 = -1231. Let f(i) be the second derivative of i**3/3 - i**2 + 2*i. What is the remainder when y is divided by f(6)?
7
Let r = -26 + 21. What is the remainder when 3/(r - -8)*86 is divided by 22?
20
Let h = -475 + 792. Calculate the remainder when h is divided by 20.
17
Let x = 74 + -47. Calculate the remainder when 48 is divided by x.
21
Let t(l) = -l**3 + 7*l**2 + 4. Let x be t(7). Suppose -w = -14 + x. Calculate the remainder when w is divided by 2*(-5 - -4) - -6.
2
Suppose 5*u = -w - 2*w - 44, -12 = 3*u. What is the remainder when 68 is divided by (-19 - -17)*(w + 1)*1?
12
What is the remainder when (-39 - -34) + (-56 - 2)*-1 is divided by 5?
3
Let t = -141 + 338. Calculate the remainder when t is divided by 33.
32
Suppose -23*n = -8*n - 6225. Calculate the remainder when n is divided by 75.
40
Let u(j) = 386*j**3 + j**2 + 6*j - 8. Calculate the remainder when u(1) is divided by 22.
11
Let p = -14 - -33. Let q(v) = -v**2 - v + 5. Let o be q(0). Calculate the remainder when (-3)/o + (-1112)/(-20) is divided by p.
17
Let b = -300 - -367. What is the remainder when b is divided by 14?
11
Let u = -506 + 547. What is the remainder when u is divided by 14?
13
Suppose 2*r - 4*r = -2*c + 1252, -2*c - 3*r + 1267 = 0. Suppose 0 = -5*v + o + c, 6*v + 4*o = 2*v + 484. What is the remainder when v is divided by 26?
21
Let b(o) = -2*o**3 + 11*o**2 + 20*o + 10. Suppose -5*f = -5*l - 115, -3*f + 0*l = 2*l - 49. What is the remainder when b(6) is divided by f?
18
Let d be (3*(-1 + 3))/(-1). Let x = d - -18. What is the remainder when 34 is divided by 6*(x/(-8))/(-1)?
7
Let a = 7 - -26. Suppose -2*p - 3*c = -a, p + 4 = 3*c - 2. Calculate the remainder when p is divided by 5.
4
Suppose 36*r - 28 = 22*r. Calculate the remainder when 32 is divided by r.
0
Suppose -5*v - 19 = 3*c, -13 + 3 = 5*v. Let u(k) = -k**2 + 3*k + 1. What is the remainder when 0 - 0/(-3) - c is divided by u(3)?
0
Let w = -311 - -320. Calculate the remainder when 187 is divided by w.
7
Suppose 42*d - 41*d - 43 = 0. Calculate the remainder when d is divided by 8.
3
Let l = 25 - 0. Suppose -3*r + 2*y + 58 = 0, 0 = y - 6*y - l. Suppose -295 = -5*q + u - 5*u, 2*q - u = 131. What is the remainder when q is divided by r?
15
Let i be (168/9)/(2/6). Suppose 4*l - i = d, -5*l + 5*d = 7*d - 70. What is the remainder when 41 is divided by l?
13
Let u = 85 + 521. What is the remainder when u is divided by 8?
6
Suppose 6*f - 2280 = -13*f. Calculate the remainder when f is divided by 41.
38
Let n(z) = 8*z**2 + 10*z - 20. What is the remainder when n(-6) is divided by 70?
68
Calculate the remainder when 75 + (-2)/(-1) + 0 is divided by 39.
38
Suppose 39*f - 42*f + 39 = 0. What is the remainder when 167 is divided by f?
11
Suppose u + 72 - 82 = 0. Calculate the remainder when 40 is divided by u.
0
Let m = 10 + 16. Let b(w) = -78*w. Let l be b(2). What is the remainder when m is divided by (-4)/22 + 4/(-44)*l?
12
Let h be -1 + (2 - -4) - 1. Suppose 2*b + 5*v = -18 + 113, -2*b = 4*v - 100. Suppose 0 = r - h*r + b. What is the remainder when 78 is divided by r?
18
Suppose -3*r - b = 2*b - 108, -4*b - 80 = -3*r. Let p be ((-16)/(-6))/(2/(-3)). What is the remainder when 1615/34*p/(-2) is divided by r?
31
Suppose -27 = -4*o - 5*a, -3*o + 3 = 3*a - 15. Let z(p) = 4*p**2 + 5*p - 2. Calculate the remainder when z(-5) is divided by 75*(0 + 3 - 8/o).
23
Suppose 4*g - 17*g + 1482 = 0. Calculate t